 u and d?
16
Suppose -14 - 10 = -4*f. Suppose -3*k - 4*o = -f, -5*k = -0*k - 4*o + 22. Let s be k/(-4) + 15/2. Calculate the greatest common factor of s and 32.
8
Let w be (26/4)/((-2)/(-4)). Let j be (2 + w)*4/4. What is the highest common factor of 75 and j?
15
Suppose -3*y - 8*y = -121. What is the highest common divisor of 33 and y?
11
Suppose 2*k = -5*w + 338, -3*k = -4*w + 95 + 157. What is the highest common divisor of 6 and w?
6
Suppose 87 = 2*p - 3. Calculate the highest common divisor of 9 and p.
9
Suppose 2*d + 492 = 4*d - 4*w, -3*w - 495 = -2*d. Let l = d - 142. What is the greatest common divisor of 22 and l?
22
Suppose -20 = i - 36. Calculate the greatest common factor of i and 16.
16
Suppose -12 = 3*d - 6*d + 2*f, 4*f = -d - 10. Suppose d*n - 13 = b, n - 2*b = 3*n - 28. Let l = n - 1. What is the greatest common divisor of 32 and l?
8
Let y(d) = -123*d + 4 - 32*d - 3. Let x be y(-1). Let p = -21 + x. What is the highest common factor of 15 and p?
15
Let h = -71 + 26. Let w be (h/6)/(3/(-4)). What is the highest common divisor of w and 50?
10
Suppose 4*n - 2 - 22 = 0. Calculate the highest common divisor of n and 42.
6
Let g be (-438)/(-4) + -5*(-3)/30. What is the highest common factor of g and 10?
10
Let k be (1 - -1)*(-19)/38. Let b be (-2)/(-4) - k/2. Calculate the greatest common factor of 5 and b.
1
Let v(y) = -2*y + 4. Let b be v(-5). Suppose -120 = -3*x - 0*u + 2*u, -4*x + 180 = 4*u. What is the greatest common divisor of b and x?
14
Suppose -2*c = -5*c + 3, 16 = -3*u + c. Suppose y + 1 = 5*z + 11, -3*z + 40 = 4*y. Let d = y + u. Calculate the greatest common divisor of 45 and d.
5
Suppose 5*i = 3*a - 416, i - a + 166 = -i. Let v = -10 - i. Calculate the highest common factor of 18 and v.
18
Let f(r) = r - 2. Let c = 10 - 3. Let o be f(c). Calculate the greatest common factor of 35 and o.
5
Let v be 115/10*2 - 5. Calculate the greatest common factor of 144 and v.
18
Let l = 3 - 1. Let k be 0/(2/3*-3). Suppose k = -4*z + 38 + l. Calculate the highest common divisor of z and 2.
2
Let t be 20/5 + 24/3. Calculate the greatest common factor of t and 8.
4
Let x be (-1)/(-5) - (-138)/10. Let v = x + -1. Suppose 0 = -m + 5*q + 36, q = 5*m - q - 134. Calculate the greatest common divisor of m and v.
13
Let v be 3 - (2/1 + -1). Suppose -5 = 5*h - 3*c, 0*h + v*c = 2*h + 6. Suppose -3*o + 35 = -5*p, -4*p - 12 = 4. What is the highest common factor of h and o?
1
Suppose -o + 3*h = 3*o + 16, 4*o - 8 = -3*h. Let p be 1*((-5)/o - -2). Calculate the highest common factor of 35 and p.
7
Let j(k) be the first derivative of k**4/4 - 13*k**3/3 - k**2/2 + 16*k + 10. Let x be j(13). What is the greatest common divisor of x and 33?
3
Let a = -6 + 19. Let l(m) = -4*m**3 - 2*m + 3. Let w be l(-3). Let b be -3 + 0 + w - -3. What is the greatest common divisor of a and b?
13
Let z = 23 + -18. Calculate the greatest common factor of z and 55.
5
Let l(c) = 12*c**2 - 2*c + 1. Let k be l(1). Let t = k - 6. Let r be 2/t - (-52)/20. What is the highest common factor of 3 and r?
3
Let k(j) = 2*j + 161. Let v(h) = h - 6. Let x be v(6). Let p be k(x). Calculate the greatest common factor of 23 and p.
23
Let o be -2 + (-2 - 0 - -4). Suppose o = -7*m + 4*m + 54. Let c = -2 + 11. Calculate the greatest common factor of c and m.
9
Suppose 3*h + 874 - 307 = 0. Let m = 322 + h. What is the highest common divisor of m and 19?
19
Suppose 4*n + n = -l + 645, 0 = n - 4*l - 129. What is the greatest common factor of 43 and n?
43
Let q = 4 - 2. Suppose -6*s - 33 = -4*w - 3*s, q*w - 34 = -2*s. Calculate the highest common factor of 12 and w.
12
Let v(b) = -15*b + 5. Suppose 22 = -5*o + 2. Let i be v(o). What is the greatest common divisor of i and 13?
13
Suppose -2*p - 3*y + y = -36, y - 40 = -2*p. Let l be 152/11 + 4/p. What is the greatest common factor of 126 and l?
14
Let k = -22 - -40. Calculate the greatest common divisor of 27 and k.
9
Suppose y = n + 7, -20 = -y + 4*n + 2. Suppose o + o - 47 = -p, -y*o = -5*p + 271. Let v = p - 5. Calculate the highest common divisor of v and 12.
12
Suppose 0 = 2*z - 58 + 18. Let v = z - 4. What is the highest common factor of v and 40?
8
Let q be 1/4*2*6. Suppose 5*g = 5*d - 55, 0 = 8*g - 3*g + 10. What is the highest common factor of d and q?
3
Let y = 32 - 18. Let h be (-44)/(2*(-2)/14). What is the greatest common divisor of y and h?
14
Let c(d) = -14*d + 71. Let l be c(5). What is the greatest common factor of l and 37?
1
Let y = 27 + 5. What is the highest common divisor of 192 and y?
32
Let q(p) be the first derivative of 3*p**4/4 - 2*p**3/3 - p**2/2 + 2*p - 4. Let l be q(2). What is the greatest common factor of 2 and l?
2
Suppose -h + 312 = 2*h. Suppose -4*t - g + 2 = 0, g + 6 = -2*t - 3*g. Let m be (t - -2)*13/3. Calculate the greatest common divisor of m and h.
13
Let z(a) = a**3 + 16*a**2 - 13*a + 9. Let d be z(-15). What is the highest common factor of d and 39?
39
Let g = 193 - 148. What is the greatest common factor of g and 315?
45
Let r(k) = -2*k + 143. Let s be r(0). What is the highest common factor of 13 and s?
13
Let g(r) = r**3 + r**2 - 4*r + 4. Let t be g(6). Suppose 0 = 2*l - 7*l + 4*q + 587, 2*l = 3*q + t. Calculate the highest common factor of l and 17.
17
Let i(k) = 12*k + 6. Let b be i(0). What is the highest common factor of b and 12?
6
Let x = 17 + -12. Let m be 4 - x - -28*1. Calculate the greatest common factor of m and 27.
27
Let q be (-502)/(-8) + 2/8. Suppose 6*v = -5*p + v + 35, 0 = -4*v - 12. Suppose 3*r - 11 = p. Calculate the greatest common divisor of q and r.
7
Let s(j) = -2 - j + 4*j + 0*j. Let u be s(5). What is the highest common factor of 13 and u?
13
Suppose 0 = n - 42. Let r = n + -22. What is the greatest common factor of r and 10?
10
Suppose -5*j + 4*u + 272 = 0, 5*u + 92 = 2*j - 27. Calculate the highest common divisor of 26 and j.
26
Let k be ((-3)/6)/((-3)/(-6132)). Let v be 4/(-18) + k/18. Let a = -1 - v. Calculate the highest common divisor of 14 and a.
14
Let j(m) = -8*m**2 + m + 6. Let z be j(5). Let h = -99 - z. What is the greatest common divisor of 15 and h?
15
Let u = 25 - 23. What is the greatest common divisor of u and 4?
2
Let v(s) = -s**3 - 11*s**2 + 24*s - 6. Let y be v(-13). Calculate the highest common divisor of y and 20.
20
Let m be (-1)/(-3)*2*3*13. Calculate the greatest common factor of m and 117.
13
Suppose -g + 22 = -2. What is the highest common factor of g and 8?
8
Let k = 186 + -109. Suppose -5*h + k = v - 7, -2*h = 4*v - 48. Calculate the highest common divisor of 112 and h.
16
Suppose 5 = 4*w - 3. Let o = 2 - 2. Suppose o = -x - w + 14. Calculate the highest common divisor of x and 8.
4
Let s be 2 - (2 - 0/(-3)). Suppose s = -3*z - 2 - 4. Let v be (2/(-4))/1*z. What is the highest common factor of 5 and v?
1
Let g = 406 + -76. What is the greatest common factor of g and 30?
30
Let a be 0 - (2/(-2) + (-20 - -15)). Calculate the greatest common divisor of a and 78.
6
Suppose 4*m = m + 21. Calculate the greatest common factor of 35 and m.
7
Suppose -5*c + 71 = 4*n, -n - 18 - 11 = -3*c. Let m be (-11)/3*(8 - c). Calculate the highest common factor of m and 44.
11
Let r(g) = -18*g - 16. Let v be r(-18). What is the greatest common factor of v and 28?
28
Let n = 13 + 86. Suppose 6 = 4*i - 30. Calculate the greatest common divisor of i and n.
9
Suppose 0*t + 2*t - 5*c = 30, -c = 2*t - 6. Suppose 4*r - t = 3. Calculate the highest common divisor of 5 and r.
1
Let z(l) = 2*l**2 - l + 1. Let g be z(1). Suppose 3*i + 3*c - 4*c + 55 = 0, 0 = -5*i - c - 97. Let a = -14 - i. What is the greatest common divisor of g and a?
1
Let d = 30 + -16. What is the greatest common factor of 28 and d?
14
Let c(m) = -m**2 - 13*m + 10. Let v be c(-11). What is the greatest common factor of 4 and v?
4
Let q(i) = i**3 + 7*i**2 - 4. Let d be q(-6). Suppose y - 45 = 4*y. Let v = d + y. Calculate the highest common factor of 68 and v.
17
Suppose -10 = 3*w - 40. What is the greatest common factor of w and 5?
5
Let d be 28/(-3) - (-4)/(-6). Let f be (d/(-3))/(10/30). Calculate the highest common factor of f and 30.
10
Let h(o) = -o**3 - 2*o**2 + o - 2. Let r be h(-3). Calculate the greatest common divisor of r and 8.
4
Let g = 11 + -8. Let r be (74/(-4))/((-2)/8). Suppose -2*d = -a 